ctor of 2706?
True
Is 10 a factor of 220?
True
Is 1356 a multiple of 52?
False
Is 18422 a multiple of 178?
False
Does 129 divide 30318?
False
Is 4685 a multiple of 59?
False
Is 43 a factor of 1548?
True
Does 25 divide 39898?
False
Is 32 a factor of 12928?
True
Is 2835 a multiple of 27?
True
Is 4305 a multiple of 41?
True
Is 787 a multiple of 18?
False
Is 4 a factor of 1853?
False
Is 17565 a multiple of 25?
False
Is 3621 a multiple of 28?
False
Is 12160 a multiple of 17?
False
Is 96 a factor of 8736?
True
Is 2530 a multiple of 23?
True
Is 636 a multiple of 34?
False
Is 17 a factor of 701?
False
Is 359 a multiple of 38?
False
Is 15 even?
False
Does 38 divide 4408?
True
Does 90 divide 90?
True
Does 16 divide 3026?
False
Is 14807 a multiple of 67?
True
Does 4 divide 1372?
True
Is 1820 a multiple of 51?
False
Is 249 a multiple of 4?
False
Is 5052 a multiple of 12?
True
Is 7 a factor of 2331?
True
Does 22 divide 2955?
False
Is 2 a factor of 233?
False
Is 464 a multiple of 16?
True
Is 40 a factor of 2960?
True
Is 10 a factor of 11000?
True
Is 80 a factor of 2673?
False
Is 45 a factor of 70695?
True
Is 3684 a multiple of 78?
False
Does 15 divide 5615?
False
Does 27 divide 623?
False
Is 3655 a multiple of 17?
True
Is 12 a factor of 12624?
True
Does 11 divide 455?
False
Does 13 divide 40690?
True
Is 1914 a multiple of 33?
True
Does 2 divide 38?
True
Does 3 divide 9870?
True
Does 67 divide 1608?
True
Does 23 divide 5428?
True
Is 10 a factor of 530?
True
Does 13 divide 435?
False
Is 54 a factor of 53082?
True
Does 3 divide 825?
True
Does 141 divide 987?
True
Does 44 divide 324?
False
Is 50 a factor of 14735?
False
Is 3376 a multiple of 9?
False
Does 14 divide 11480?
True
Does 36 divide 462?
False
Is 26879 a multiple of 70?
False
Is 344 a multiple of 43?
True
Is 420 a multiple of 5?
True
Does 153 divide 20207?
False
Is 10793 a multiple of 64?
False
Is 1872 a multiple of 9?
True
Is 89 a factor of 2492?
True
Is 234 a multiple of 3?
True
Does 14 divide 72964?
False
Is 666 a multiple of 9?
True
Does 15 divide 450?
True
Does 40 divide 600?
True
Is 10 a factor of 11090?
True
Is 11 a factor of 88?
True
Is 82 a factor of 7298?
True
Is 30858 a multiple of 222?
True
Does 61 divide 2928?
True
Is 7 a factor of 9562?
True
Is 480 a multiple of 9?
False
Is 162 a factor of 4374?
True
Is 49 a factor of 4704?
True
Is 15652 a multiple of 26?
True
Is 24 a multiple of 2?
True
Is 211 a factor of 8018?
True
Is 38 a factor of 976?
False
Is 288 a multiple of 14?
False
Does 175 divide 15225?
True
Is 7 a factor of 1106?
True
Is 20660 a multiple of 6?
False
Does 15 divide 51090?
True
Is 216 a factor of 216?
True
Is 1494 a multiple of 9?
True
Does 2 divide 2346?
True
Is 94 a multiple of 5?
False
Is 10 a factor of 70?
True
Is 9 a factor of 639?
True
Does 75 divide 15675?
True
Is 4270 a multiple of 17?
False
Is 2695 a multiple of 39?
False
Does 8 divide 768?
True
Is 53 a factor of 10893?
False
Is 53110 a multiple of 226?
True
Does 46 divide 828?
True
Does 216 divide 89036?
False
Does 6 divide 5247?
False
Does 9 divide 320?
False
Is 1417 a multiple of 13?
True
Does 28 divide 9380?
True
Is 952 a multiple of 61?
False
Does 14 divide 224?
True
Does 84 divide 1983?
False
Is 7 a factor of 9121?
True
Is 27 a factor of 882?
False
Is 794 a multiple of 75?
False
Is 2597 a multiple of 32?
False
Is 2254 a multiple of 7?
True
Is 16345 a multiple of 4?
False
Is 207 a factor of 47403?
True
Does 22 divide 19492?
True
Is 24 a factor of 4846?
False
Does 57 divide 756?
False
Does 119 divide 28112?
False
Is 12 a factor of 5856?
True
Is 170 even?
True
Does 26 divide 274?
False
Is 29 a factor of 4486?
False
Does 9 divide 437?
False
Is 10413 a multiple of 51?
False
Does 6 divide 449?
False
Is 2 a factor of 203?
False
Is 6540 a multiple of 20?
True
Is 776 a multiple of 12?
False
Is 84 a factor of 11424?
True
Is 803 a multiple of 4?
False
Is 31179 a multiple of 414?
False
Is 27 even?
False
Does 61 divide 3538?
True
Does 8 divide 492?
False
Is 2474 a multiple of 48?
False
Is 682 a multiple of 31?
True
Is 6224 a multiple of 50?
False
Is 23 a factor of 5566?
True
Is 62 a factor of 7006?
True
Does 7 divide 1064?
True
Is 854 a multiple of 73?
False
Does 285 divide 29141?
False
Is 34 a factor of 2900?
False
Is 243 a multiple of 13?
False
Is 36288 a multiple of 144?
True
Is 1530 a multiple of 10?
True
Is 23 a factor of 1381?
False
Is 124 a factor of 9624?
False
Is 1640 a multiple of 82?
True
Is 1290 a multiple of 15?
True
Is 77 a factor of 6160?
True
Does 18 divide 11880?
True
Is 18748 a multiple of 43?
True
Does 25 divide 275?
True
Is 931 a multiple of 33?
False
Is 16 a factor of 2523?
False
Is 8567 a multiple of 3?
False
Is 24 a factor of 7809?
False
Does 30 divide 184?
False
Is 1531 a multiple of 4?
False
Is 4 a factor of 6595?
False
Does 91 divide 1270?
False
Is 1300 a multiple of 65?
True
Is 9 a factor of 9508?
False
Is 16 a factor of 528?
True
Does 21 divide 50292?
False
Does 16 divide 1440?
True
Does 23 divide 8993?
True
Does 137 divide 2035?
False
Does 16 divide 518?
False
Is 8 a factor of 344?
True
Is 1274 a multiple of 13?
True
Is 22 a factor of 8981?
False
Does 34 divide 6213?
False
Does 12 divide 97371?
False
Does 24 divide 96840?
True
Does 4 divide 480?
True
Is 13 a factor of 2265?
False
Is 76080 a multiple of 120?
True
Is 99 a multiple of 5?
False
Is 17 a factor of 3604?
True
Is 129 a factor of 4515?
True
Is 671 a multiple of 22?
False
Is 3 a factor of 192?
True
Is 816 a multiple of 3?
True
Does 105 divide 630?
True
Is 30 a factor of 1980?
True
Is 5 a factor of 1061?
False
Does 39 divide 108038?
False
Is 9381 a multiple of 53?
True
Does 383 divide 108772?
True
Is 125 a multiple of 11?
False
Does 9 divide 6229?
False
Is 9 a factor of 4951?
False
Is 25 a factor of 600?
True
Is 17 a factor of 268?
False
Is 3094 a multiple of 182?
True
Does 5 divide 11?
False
Does 127 divide 651?
False
Is 28619 a multiple of 9?
False
Is 3 a factor of 151?
False
Is 150 a multiple of 30?
True
Is 7 a factor of 845?
False
Is 19220 a multiple of 21?
False
Is 43 a factor of 10784?
False
Is 10 a factor of 149695?
False
Is 36 a factor of 25987?
False
Is 220 a factor of 22000?
True
Is 9503 a multiple of 13?
True
Is 29 a factor of 1276?
True
Does 34 divide 28288?
True
Is 6397 a multiple of 101?
False
Is 38 a factor of 12464?
True
Is 19 a factor of 27265?
True
Is 936 a multiple of 26?
True
Is 33 a factor of 66?
True
Is 15 a multiple of 4?
False
Is 34 a factor of 2927?
False
Is 19 a factor of 2470?
True
Does 41 divide 22450?
False
Is 624 a multiple of 12?
True
Does 5 divide 2318?
False
Is 9 a factor of 342?
True
Does 34 divide 1977?
False
Does 14 divide 15274?
True
Does 39 divide 8825?
False
Does 10 divide 80?
True
Does 18 divide 943?
False
Is 5 a factor of 544?
False
Is 30 a factor of 796?
False
Is 26 a factor of 219?
False
Is 47 a factor of 6270?
False
Is 216 a multiple of 18?
True
Is 27 a multiple of 14?
False
Does 247 divide 42308?
False
Is 539 a multiple of 49?
True
Is 1462 a multiple of 8?
False
Does 14 divide 7545?
False
Does 44 divide 3200?
False
Does 2 divide 478?
True
Is 4 a factor of 33287?
False
Does 63 divide 1437?
False
Does 5 divide 243?
False
Is 15 a factor of 934?
False
Is 151 a factor of 28841?
True
Is 35100 a multiple of 13?
True
Does 4 divide 1457?
False
Is 1039 a multiple of 17?
False
Is 24 a factor of 552?
True
Is 75 a factor of 18377?
False
Does 31 divide 47175?
False
Does 27 divide 1404?
True
Is 86 a multiple of 12?
False
Does 21 divide 1050?
True
Is 97 a factor of 81357?
False
Is 42303 a multiple of 59?
True
Is 249 a factor of 50547?
True
Does 40 divide 20600?
True
Is 6 a factor of 606?
True
Is 4 a factor of 72?
True
Is 414 a multiple of 3?
True
Does 3 divide 1074?
True
Does 5 divide 5508?
False
Does 4 divide 1136?
True
Does 194 divide 6350?
False
Is 10 a factor of 33042?
False
Does 17 divide 315?
False
Does 4 divide 876?
True
Is 374 a multiple of 17?
True
Does 62 divide 1584?
False
Is 398 a multiple of 13?
False
Is 2 a factor of 968?
True
Does 119 divide 1785?
True
Is 1536 a multiple of 18?
False
Is 3483 a multiple of 9?
True
Is 4640 a multiple of 10?
True
Does 2 divide 2041?
False
Does 11 divide 12650?
True
Is 384 a multiple of 6?
True
Is 22 a factor of 19448?
True
Is 5 a factor of 460?
True
Is 1007 a mul